git of 2208665086?
8
What is the units digit of 159259676?
6
What is the units digit of 981296538?
8
What is the millions digit of 2859875531?
9
What is the ten millions digit of 24261928?
2
What is the ten millions digit of 33012395?
3
What is the hundreds digit of 31313907?
9
What is the ten thousands digit of 51726204?
2
What is the millions digit of 2450203640?
0
What is the hundred thousands digit of 1378692964?
6
What is the hundreds digit of 62938687?
6
What is the ten millions digit of 65235051?
6
What is the hundred thousands digit of 158830656?
8
What is the ten thousands digit of 3712544819?
4
What is the ten thousands digit of 67901995?
0
What is the units digit of 44159545?
5
What is the millions digit of 427023475?
7
What is the hundred thousands digit of 489634491?
6
What is the ten millions digit of 1576880076?
7
What is the ten millions digit of 21086142?
2
What is the hundred thousands digit of 7206348?
2
What is the ten thousands digit of 2365383713?
8
What is the millions digit of 141785742?
1
What is the hundred thousands digit of 127044771?
0
What is the tens digit of 1010867949?
4
What is the millions digit of 341221641?
1
What is the millions digit of 30795383?
0
What is the hundred millions digit of 866516075?
8
What is the tens digit of 1397097945?
4
What is the millions digit of 34969411?
4
What is the ten millions digit of 4815959018?
1
What is the millions digit of 33406961?
3
What is the hundreds digit of 281311949?
9
What is the ten millions digit of 1244266983?
4
What is the ten millions digit of 281934966?
8
What is the thousands digit of 341013988?
3
What is the units digit of 2313878176?
6
What is the ten thousands digit of 1067346600?
4
What is the hundred thousands digit of 17348283?
3
What is the ten thousands digit of 64753291?
5
What is the ten millions digit of 727330328?
2
What is the ten thousands digit of 86660491?
6
What is the hundred millions digit of 200031668?
2
What is the hundreds digit of 766518134?
1
What is the hundreds digit of 193328312?
3
What is the hundred millions digit of 358818823?
3
What is the ten millions digit of 1530706755?
3
What is the tens digit of 7014620?
2
What is the millions digit of 3510513487?
0
What is the ten thousands digit of 6154894?
5
What is the hundreds digit of 42891405?
4
What is the hundred thousands digit of 208874389?
8
What is the hundred millions digit of 1210860070?
2
What is the billions digit of 1205814692?
1
What is the units digit of 14146171?
1
What is the hundred millions digit of 1842719102?
8
What is the thousands digit of 108863561?
3
What is the units digit of 12959486?
6
What is the hundred thousands digit of 1529397415?
3
What is the units digit of 211088796?
6
What is the ten thousands digit of 2745421409?
2
What is the ten millions digit of 2662868918?
6
What is the units digit of 374986544?
4
What is the ten millions digit of 226298268?
2
What is the thousands digit of 22931938?
1
What is the hundreds digit of 138585388?
3
What is the tens digit of 157099194?
9
What is the units digit of 34934412?
2
What is the units digit of 481761120?
0
What is the thousands digit of 46823652?
3
What is the hundreds digit of 1840433333?
3
What is the thousands digit of 288317827?
7
What is the ten millions digit of 555629324?
5
What is the hundred millions digit of 116967000?
1
What is the ten thousands digit of 51724702?
2
What is the millions digit of 2989114952?
9
What is the units digit of 16650795?
5
What is the ten millions digit of 4409590125?
0
What is the units digit of 279044535?
5
What is the hundreds digit of 35894613?
6
What is the hundreds digit of 123883322?
3
What is the ten millions digit of 111616161?
1
What is the ten millions digit of 1306075500?
0
What is the tens digit of 309859122?
2
What is the hundreds digit of 205217222?
2
What is the hundred millions digit of 1353008802?
3
What is the thousands digit of 624159037?
9
What is the thousands digit of 62777225?
7
What is the hundred thousands digit of 1924027725?
0
What is the thousands digit of 6510525?
0
What is the millions digit of 54344623?
4
What is the hundred millions digit of 363336144?
3
What is the tens digit of 231266162?
6
What is the tens digit of 14430782?
8
What is the billions digit of 1288814991?
1
What is the units digit of 215551182?
2
What is the hundreds digit of 17519574?
5
What is the millions digit of 37495879?
7
What is the ten thousands digit of 47159706?
5
What is the hundred thousands digit of 129102350?
1
What is the millions digit of 609796318?
9
What is the units digit of 4735139483?
3
What is the ten millions digit of 59709027?
5
What is the millions digit of 939049286?
9
What is the hundred millions digit of 721026684?
7
What is the hundred millions digit of 407879651?
4
What is the units digit of 756310580?
0
What is the hundred thousands digit of 37654509?
6
What is the hundreds digit of 14226003?
0
What is the ten thousands digit of 1307066525?
6
What is the ten millions digit of 483340929?
8
What is the millions digit of 407869108?
7
What is the hundred thousands digit of 10881626?
8
What is the tens digit of 21027651?
5
What is the hundred millions digit of 6195357172?
1
What is the millions digit of 50895911?
0
What is the tens digit of 116984612?
1
What is the hundred thousands digit of 1956952234?
9
What is the hundred thousands digit of 119081503?
0
What is the hundred thousands digit of 194386061?
3
What is the units digit of 18276110?
0
What is the thousands digit of 2669515825?
5
What is the millions digit of 2592620499?
2
What is the tens digit of 628246058?
5
What is the thousands digit of 27399476?
9
What is the tens digit of 7295358?
5
What is the hundred thousands digit of 34396280?
3
What is the billions digit of 4499761402?
4
What is the units digit of 3010146999?
9
What is the ten thousands digit of 434391845?
9
What is the ten thousands digit of 897365996?
6
What is the thousands digit of 83789928?
9
What is the hundred thousands digit of 228717162?
7
What is the units digit of 21559166?
6
What is the thousands digit of 36232622?
2
What is the millions digit of 1871419867?
1
What is the thousands digit of 13877321?
7
What is the ten thousands digit of 2316179119?
7
What is the tens digit of 116657520?
2
What is the ten millions digit of 25946421?
2
What is the units digit of 282766347?
7
What is the hundred millions digit of 131567366?
1
What is the thousands digit of 99204295?
4
What is the hundred millions digit of 1585739452?
5
What is the units digit of 180220921?
1
What is the ten millions digit of 41703895?
4
What is the ten thousands digit of 899219787?
1
What is the tens digit of 658171697?
9
What is the units digit of 20002378?
8
What is the ten thousands digit of 225520957?
2
What is the hundreds digit of 77031964?
9
What is the billions digit of 1686159997?
1
What is the hundreds digit of 4096400?
4
What is the ten thousands digit of 1077004112?
0
What is the tens digit of 1655581759?
5
What is the millions digit of 238096170?
8
What is the tens digit of 581215521?
2
What is the millions digit of 712278786?
2
What is the hundreds digit of 1557624785?
7
What is the ten thousands digit of 283214426?
1
What is the thousands digit of 524002256?
2
What is the units digit of 47918113?
3
What is the thousands digit of 587358554?
8
What is the ten thousands digit of 215996378?
9
What is the units digit of 192121500?
0
What is the hundred millions digit of 339947258?
3
What is the billions digit of 4192100188?
4
What is the millions digit of 3811034?
3
What is the millions digit of 3357672129?
7
What is the tens digit of 409726169?
6
What is the ten thousands digit of 310468085?
6
What is the hundreds digit of 116017672?
6
What is the thousands digit of 194262388?
2
What is the thousands digit of 175515175?
5
What is the ten thousands digit of 411564795?
6
What is the ten millions digit of 111391425?
1
What is the hundred millions digit of 7850438976?
8
What is the tens digit of 30109542?
4
What is the thousands digit of 19460223?
0
What is the hundred thousands digit of 1246782?
2
What is the hundreds digit of 241569912?
9
What is the thousands digit of 539103113?
3
What is the millions digit of 12650079?
2
What is the